{"id":335,"date":"2018-01-22T15:09:43","date_gmt":"2018-01-22T19:09:43","guid":{"rendered":"http:\/\/ayuntamiento.o\/transparencia\/?page_id=335"},"modified":"2025-03-20T15:04:47","modified_gmt":"2025-03-20T19:04:47","slug":"lista-de-proveedores","status":"publish","type":"page","link":"https:\/\/distritomunicipalbarroarriba.gob.do\/transparencia\/lista-de-proveedores\/","title":{"rendered":"Lista de proveedores"},"content":{"rendered":"<p>En cumplimiento con las Disposiciones de la Ley No. 340-06 Sobre Compras y Contrataciones, el Ayuntamiento Municipal de B\u00e1nica utiliza \u00fanica y exclusivamente los proveedores calificados por la Direcci\u00f3n General de Contrataciones P\u00fablicas, a trav\u00e9s del Registro de Proveedores del Estado (RPE).<\/p>\n<p>Para consultar los Proveedores Calificados de ofrecer bienes y servicios, favor consultar el siguiente enlace:<\/p>\n<p><a href=\"https:\/\/www.dgcp.gob.do\/listado-de-proveedores-completo\/\">https:\/\/www.dgcp.gob.do\/listado-de-proveedores-completo\/<\/a><\/p>\n","protected":false},"excerpt":{"rendered":"En cumplimiento con las Disposiciones de la Ley No. 340-06 Sobre Compras y Contrataciones, el Ayuntamiento Municipal de B\u00e1nica utiliza \u00fanica y exclusivamente los proveedores calificados por la Direcci\u00f3n General de Contrataciones P\u00fablicas, a trav\u00e9s del Registro de Proveedores del Estado (RPE). Para consultar los Proveedores Calificados de ofrecer bienes y servicios, favor consultar el&#8230;","protected":false},"author":1,"featured_media":0,"parent":0,"menu_order":0,"comment_status":"closed","ping_status":"closed","template":"","meta":{"footnotes":""},"class_list":["post-335","page","type-page","status-publish","hentry"],"acf":[],"_links":{"self":[{"href":"https:\/\/distritomunicipalbarroarriba.gob.do\/transparencia\/wp-json\/wp\/v2\/pages\/335"}],"collection":[{"href":"https:\/\/distritomunicipalbarroarriba.gob.do\/transparencia\/wp-json\/wp\/v2\/pages"}],"about":[{"href":"https:\/\/distritomunicipalbarroarriba.gob.do\/transparencia\/wp-json\/wp\/v2\/types\/page"}],"author":[{"embeddable":true,"href":"https:\/\/distritomunicipalbarroarriba.gob.do\/transparencia\/wp-json\/wp\/v2\/users\/1"}],"replies":[{"embeddable":true,"href":"https:\/\/distritomunicipalbarroarriba.gob.do\/transparencia\/wp-json\/wp\/v2\/comments?post=335"}],"version-history":[{"count":3,"href":"https:\/\/distritomunicipalbarroarriba.gob.do\/transparencia\/wp-json\/wp\/v2\/pages\/335\/revisions"}],"predecessor-version":[{"id":388,"href":"https:\/\/distritomunicipalbarroarriba.gob.do\/transparencia\/wp-json\/wp\/v2\/pages\/335\/revisions\/388"}],"wp:attachment":[{"href":"https:\/\/distritomunicipalbarroarriba.gob.do\/transparencia\/wp-json\/wp\/v2\/media?parent=335"}],"curies":[{"name":"wp","href":"https:\/\/api.w.org\/{rel}","templated":true}]}}